{"id":35,"date":"2016-02-09T11:35:20","date_gmt":"2016-02-09T10:35:20","guid":{"rendered":"http:\/\/www.mv-kollmitzberg.at\/neu\/?page_id=35"},"modified":"2024-11-30T14:06:36","modified_gmt":"2024-11-30T13:06:36","slug":"junior-combo","status":"publish","type":"page","link":"https:\/\/www.mv-kollmitzberg.at\/neu\/junior-combo\/","title":{"rendered":"Junior Combo"},"content":{"rendered":"<div>\n<p class=\"align-justify\">Die Junior Combo Kollmitzberg ist ein Ausbildungsorchester des Musikvereines Kollmitzberg, welches 2005 von Kpm. Hubert Fertl und Sonja Amon gegr\u00fcndet wurde. Derzeit leitet Anika Ebner die Junior Combo. In diesem Orchester musizieren junge Musiker und Musikerinnen, die f\u00fcr den Musikverein Kollmitzberg ausgebildet werden. Diese 26 jungen MusikerInnen sind ab 10 Jahre alt. Ein Teil der Musiker ist auch schon aktiv in der Musikkapelle t\u00e4tig.<\/p>\n<\/div>\n<div>\n<p class=\"align-justify\">Im Vordergrund steht neben dem Musizieren das Kennenlernen der jungen Musiker untereinander sowie das Kennenlernen des Musikvereines. Sehr wichtig ist auch die Vorbereitung auf den Einstieg in die Musikkapelle. Nat\u00fcrlich d\u00fcrfen \u00dcbernachten im Musikheim, Spielenachmittage und zahlreiche andere Aktivit\u00e4ten nicht fehlen.<\/p>\n<\/div>\n<div>\n<p class=\"align-justify\">Das Miteinander beim Musizieren pr\u00e4gt das Sozialverhalten. Im Orchester wollen die Musikerinnen und Musiker etwas gemeinsam schaffen, ein Ziel haben, miteinander arbeiten. Dass es erfreuliche Nebenwirkungen gibt bei denen, die Musik machen, dar\u00fcber ist sich aber auch die Fachwelt einig: Ein Instrument zu erlernen geh\u00f6rt zu den schwierigsten menschlichen Leistungen und ist ohne Ausdauer, Flei\u00df und Disziplin gar nicht zu schaffen. Wer Dur und Moll \u00fcbt, piano und forte, Triolen und Achtel-Rhythmen, trainiert gleichzeitig Geh\u00f6r, K\u00f6rperwahrnehmung und Feinmotorik. In den Gehirnen von Musikern sind mehr Nervenzellen effizienter miteinander verkn\u00fcpft und bilden Daten-Autobahnen f\u00fcr einen schnelleren Informationsfluss. Und das umso ausgepr\u00e4gter, je fr\u00fcher mit dem Musizieren begonnen wurde. Tatsache allerdings ist: Ohne \u00dcben geht nichts, \u00fcben muss einfach sein, wenn ein Instrument erlernt werden soll.<\/p>\n<div id=\"attachment_791\" style=\"width: 650px\" class=\"wp-caption alignnone\"><a href=\"https:\/\/www.mv-kollmitzberg.at\/neu\/wp-content\/uploads\/2016\/02\/IMG-20170508-WA0001.jpg\" data-rel=\"lightbox-image-0\" data-rl_title=\"\" data-rl_caption=\"\" title=\"\"><img loading=\"lazy\" decoding=\"async\" aria-describedby=\"caption-attachment-791\" class=\"wp-image-791 size-large\" src=\"https:\/\/www.mv-kollmitzberg.at\/neu\/wp-content\/uploads\/2016\/02\/IMG-20170508-WA0001-1024x765.jpg\" alt=\"\" width=\"640\" height=\"478\" srcset=\"https:\/\/www.mv-kollmitzberg.at\/neu\/wp-content\/uploads\/2016\/02\/IMG-20170508-WA0001-1024x765.jpg 1024w, https:\/\/www.mv-kollmitzberg.at\/neu\/wp-content\/uploads\/2016\/02\/IMG-20170508-WA0001-300x224.jpg 300w, https:\/\/www.mv-kollmitzberg.at\/neu\/wp-content\/uploads\/2016\/02\/IMG-20170508-WA0001-768x574.jpg 768w, https:\/\/www.mv-kollmitzberg.at\/neu\/wp-content\/uploads\/2016\/02\/IMG-20170508-WA0001-285x214.jpg 285w, https:\/\/www.mv-kollmitzberg.at\/neu\/wp-content\/uploads\/2016\/02\/IMG-20170508-WA0001.jpg 1600w\" sizes=\"(max-width: 640px) 100vw, 640px\" \/><\/a><p id=\"caption-attachment-791\" class=\"wp-caption-text\">Gruppenfoto beim N\u00d6-Jugendorchesterwettbewerb 2017 in Rabenstein<\/p><\/div>\n<\/div>\n<div>\n<p class=\"bodytext\" style=\"clear: both;\">\n<\/div>\n","protected":false},"excerpt":{"rendered":"<p>Die Junior Combo Kollmitzberg ist ein Ausbildungsorchester des Musikvereines Kollmitzberg, welches 2005 von Kpm. Hubert Fertl und Sonja Amon gegr\u00fcndet wurde. Derzeit leitet Anika Ebner die Junior Combo. In diesem <a href=\"https:\/\/www.mv-kollmitzberg.at\/neu\/junior-combo\/\" rel=\"nofollow\"><span class=\"sr-only\">Read more about Junior Combo<\/span>[&hellip;]<\/a><\/p>\n","protected":false},"author":4,"featured_media":793,"parent":0,"menu_order":0,"comment_status":"closed","ping_status":"closed","template":"template-fullwidth.php","meta":{"footnotes":""},"_links":{"self":[{"href":"https:\/\/www.mv-kollmitzberg.at\/neu\/wp-json\/wp\/v2\/pages\/35"}],"collection":[{"href":"https:\/\/www.mv-kollmitzberg.at\/neu\/wp-json\/wp\/v2\/pages"}],"about":[{"href":"https:\/\/www.mv-kollmitzberg.at\/neu\/wp-json\/wp\/v2\/types\/page"}],"author":[{"embeddable":true,"href":"https:\/\/www.mv-kollmitzberg.at\/neu\/wp-json\/wp\/v2\/users\/4"}],"replies":[{"embeddable":true,"href":"https:\/\/www.mv-kollmitzberg.at\/neu\/wp-json\/wp\/v2\/comments?post=35"}],"version-history":[{"count":28,"href":"https:\/\/www.mv-kollmitzberg.at\/neu\/wp-json\/wp\/v2\/pages\/35\/revisions"}],"predecessor-version":[{"id":3264,"href":"https:\/\/www.mv-kollmitzberg.at\/neu\/wp-json\/wp\/v2\/pages\/35\/revisions\/3264"}],"wp:featuredmedia":[{"embeddable":true,"href":"https:\/\/www.mv-kollmitzberg.at\/neu\/wp-json\/wp\/v2\/media\/793"}],"wp:attachment":[{"href":"https:\/\/www.mv-kollmitzberg.at\/neu\/wp-json\/wp\/v2\/media?parent=35"}],"curies":[{"name":"wp","href":"https:\/\/api.w.org\/{rel}","templated":true}]}}