{"id":2253,"date":"2024-01-15T19:56:53","date_gmt":"2024-01-15T18:56:53","guid":{"rendered":"https:\/\/www.mv-kollmitzberg.at\/neu\/?page_id=2253"},"modified":"2024-01-22T23:25:55","modified_gmt":"2024-01-22T22:25:55","slug":"neue-tracht-sponsoren","status":"publish","type":"page","link":"https:\/\/www.mv-kollmitzberg.at\/neu\/neue-tracht-sponsoren\/","title":{"rendered":"Neue Tracht &#8211; Sponsoren"},"content":{"rendered":"<p>Wir d\u00fcrfen uns herzlichst bei allen KollmitzbergerInnen und bei unseren Sponsoren f\u00fcr die Unterst\u00fctzung beim Haussammeln bedanken &#8211; Ein gro\u00dfes Dankesch\u00f6n f\u00fcr die entgegengebrachte Wertsch\u00e4tzung!<\/p>\n<p>Ohne eure Hilfe w\u00e4re eine so umfangreiche Investition nicht m\u00f6glich gewesen &#8211; DANKE!<\/p>\n\n\n<figure class=\"wp-block-image is-resized sponsor-large\"><img loading=\"lazy\" decoding=\"async\" src=\"https:\/\/www.mv-kollmitzberg.at\/neu\/wp-content\/uploads\/2024\/01\/Empfinger-Rindenmulch-ORIG-1024x434.png\" alt=\"\" class=\"wp-image-2207\" width=\"502\" height=\"212\" srcset=\"https:\/\/www.mv-kollmitzberg.at\/neu\/wp-content\/uploads\/2024\/01\/Empfinger-Rindenmulch-ORIG-1024x434.png 1024w, https:\/\/www.mv-kollmitzberg.at\/neu\/wp-content\/uploads\/2024\/01\/Empfinger-Rindenmulch-ORIG-300x127.png 300w, https:\/\/www.mv-kollmitzberg.at\/neu\/wp-content\/uploads\/2024\/01\/Empfinger-Rindenmulch-ORIG-768x325.png 768w, https:\/\/www.mv-kollmitzberg.at\/neu\/wp-content\/uploads\/2024\/01\/Empfinger-Rindenmulch-ORIG-1536x651.png 1536w, https:\/\/www.mv-kollmitzberg.at\/neu\/wp-content\/uploads\/2024\/01\/Empfinger-Rindenmulch-ORIG-2048x868.png 2048w\" sizes=\"(max-width: 502px) 100vw, 502px\" \/><\/figure>\n\n\n\n<figure class=\"wp-block-image is-resized sponsor-large\"><img loading=\"lazy\" decoding=\"async\" src=\"https:\/\/www.mv-kollmitzberg.at\/neu\/wp-content\/uploads\/2024\/01\/gasthof_froschauer_logo2.png\" alt=\"\" class=\"wp-image-2208\" width=\"497\" height=\"93\" srcset=\"https:\/\/www.mv-kollmitzberg.at\/neu\/wp-content\/uploads\/2024\/01\/gasthof_froschauer_logo2.png 723w, https:\/\/www.mv-kollmitzberg.at\/neu\/wp-content\/uploads\/2024\/01\/gasthof_froschauer_logo2-300x56.png 300w\" sizes=\"(max-width: 497px) 100vw, 497px\" \/><\/figure>\n\n\n\n<figure class=\"wp-block-image is-resized sponsor-large\"><img loading=\"lazy\" decoding=\"async\" src=\"https:\/\/www.mv-kollmitzberg.at\/neu\/wp-content\/uploads\/2024\/01\/Honeder-1024x510.jpg\" alt=\"\" class=\"wp-image-2214\" width=\"496\" height=\"246\" srcset=\"https:\/\/www.mv-kollmitzberg.at\/neu\/wp-content\/uploads\/2024\/01\/Honeder-1024x510.jpg 1024w, https:\/\/www.mv-kollmitzberg.at\/neu\/wp-content\/uploads\/2024\/01\/Honeder-300x149.jpg 300w, https:\/\/www.mv-kollmitzberg.at\/neu\/wp-content\/uploads\/2024\/01\/Honeder-768x382.jpg 768w, https:\/\/www.mv-kollmitzberg.at\/neu\/wp-content\/uploads\/2024\/01\/Honeder.jpg 1306w\" sizes=\"(max-width: 496px) 100vw, 496px\" \/><\/figure>\n\n\n\n<figure class=\"wp-block-image is-resized sponsor-large\"><img loading=\"lazy\" decoding=\"async\" src=\"https:\/\/www.mv-kollmitzberg.at\/neu\/wp-content\/uploads\/2024\/01\/odilia-1024x343.jpg\" alt=\"\" class=\"wp-image-2215\" width=\"491\" height=\"165\" srcset=\"https:\/\/www.mv-kollmitzberg.at\/neu\/wp-content\/uploads\/2024\/01\/odilia-1024x343.jpg 1024w, https:\/\/www.mv-kollmitzberg.at\/neu\/wp-content\/uploads\/2024\/01\/odilia-300x100.jpg 300w, https:\/\/www.mv-kollmitzberg.at\/neu\/wp-content\/uploads\/2024\/01\/odilia-768x257.jpg 768w, https:\/\/www.mv-kollmitzberg.at\/neu\/wp-content\/uploads\/2024\/01\/odilia-1536x514.jpg 1536w, https:\/\/www.mv-kollmitzberg.at\/neu\/wp-content\/uploads\/2024\/01\/odilia.jpg 1990w\" sizes=\"(max-width: 491px) 100vw, 491px\" \/><\/figure>\n\n\n\n<figure class=\"wp-block-image is-resized sponsor-large\"><img loading=\"lazy\" decoding=\"async\" src=\"https:\/\/www.mv-kollmitzberg.at\/neu\/wp-content\/uploads\/2024\/01\/sar-1024x545.jpg\" alt=\"\" class=\"wp-image-2216\" width=\"485\" height=\"258\" srcset=\"https:\/\/www.mv-kollmitzberg.at\/neu\/wp-content\/uploads\/2024\/01\/sar-1024x545.jpg 1024w, https:\/\/www.mv-kollmitzberg.at\/neu\/wp-content\/uploads\/2024\/01\/sar-300x160.jpg 300w, https:\/\/www.mv-kollmitzberg.at\/neu\/wp-content\/uploads\/2024\/01\/sar-768x408.jpg 768w, https:\/\/www.mv-kollmitzberg.at\/neu\/wp-content\/uploads\/2024\/01\/sar.jpg 1448w\" sizes=\"(max-width: 485px) 100vw, 485px\" \/><\/figure>\n\n\n\n<figure class=\"wp-block-image is-resized sponsor-medium\"><img loading=\"lazy\" decoding=\"async\" src=\"https:\/\/www.mv-kollmitzberg.at\/neu\/wp-content\/uploads\/2024\/01\/Hohensinn-Logo_2024.jpg\" alt=\"\" class=\"wp-image-2237\" width=\"505\" height=\"120\"\/><\/figure>\n\n\n\n<figure class=\"wp-block-image is-resized sponsor-medium\"><img loading=\"lazy\" decoding=\"async\" src=\"https:\/\/www.mv-kollmitzberg.at\/neu\/wp-content\/uploads\/2024\/01\/Affengruber-2021-1024x316.png\" alt=\"\" class=\"wp-image-2218\" width=\"392\" height=\"121\" srcset=\"https:\/\/www.mv-kollmitzberg.at\/neu\/wp-content\/uploads\/2024\/01\/Affengruber-2021-1024x316.png 1024w, https:\/\/www.mv-kollmitzberg.at\/neu\/wp-content\/uploads\/2024\/01\/Affengruber-2021-300x92.png 300w, https:\/\/www.mv-kollmitzberg.at\/neu\/wp-content\/uploads\/2024\/01\/Affengruber-2021-768x237.png 768w, https:\/\/www.mv-kollmitzberg.at\/neu\/wp-content\/uploads\/2024\/01\/Affengruber-2021-1536x473.png 1536w, https:\/\/www.mv-kollmitzberg.at\/neu\/wp-content\/uploads\/2024\/01\/Affengruber-2021-2048x631.png 2048w\" sizes=\"(max-width: 392px) 100vw, 392px\" \/><\/figure>\n\n\n\n<figure class=\"wp-block-image is-resized sponsor-medium\"><img loading=\"lazy\" decoding=\"async\" src=\"https:\/\/www.mv-kollmitzberg.at\/neu\/wp-content\/uploads\/2024\/01\/apro-logo-1024x455.jpg\" alt=\"\" class=\"wp-image-2219\" width=\"392\" height=\"174\" srcset=\"https:\/\/www.mv-kollmitzberg.at\/neu\/wp-content\/uploads\/2024\/01\/apro-logo-1024x455.jpg 1024w, https:\/\/www.mv-kollmitzberg.at\/neu\/wp-content\/uploads\/2024\/01\/apro-logo-300x133.jpg 300w, https:\/\/www.mv-kollmitzberg.at\/neu\/wp-content\/uploads\/2024\/01\/apro-logo-768x342.jpg 768w, https:\/\/www.mv-kollmitzberg.at\/neu\/wp-content\/uploads\/2024\/01\/apro-logo.jpg 1349w\" sizes=\"(max-width: 392px) 100vw, 392px\" \/><\/figure>\n\n\n\n<figure class=\"wp-block-image is-resized sponsor-medium\"><img loading=\"lazy\" decoding=\"async\" src=\"https:\/\/www.mv-kollmitzberg.at\/neu\/wp-content\/uploads\/2024\/01\/B\u201euerinnen-Kollmitzberg.jpg\" alt=\"\" class=\"wp-image-2220\" width=\"390\" height=\"99\" srcset=\"https:\/\/www.mv-kollmitzberg.at\/neu\/wp-content\/uploads\/2024\/01\/B\u201euerinnen-Kollmitzberg.jpg 447w, https:\/\/www.mv-kollmitzberg.at\/neu\/wp-content\/uploads\/2024\/01\/B\u201euerinnen-Kollmitzberg-300x76.jpg 300w\" sizes=\"(max-width: 390px) 100vw, 390px\" \/><\/figure>\n\n\n<div class=\"extra-text\">von Kollmitzberg<\/div>\n\n\n<figure class=\"wp-block-image is-resized sponsor-medium\"><img loading=\"lazy\" decoding=\"async\" src=\"https:\/\/www.mv-kollmitzberg.at\/neu\/wp-content\/uploads\/2024\/01\/bfp-1024x342.jpg\" alt=\"\" class=\"wp-image-2221\" width=\"384\" height=\"127\" srcset=\"https:\/\/www.mv-kollmitzberg.at\/neu\/wp-content\/uploads\/2024\/01\/bfp-1024x342.jpg 1024w, https:\/\/www.mv-kollmitzberg.at\/neu\/wp-content\/uploads\/2024\/01\/bfp-300x100.jpg 300w, https:\/\/www.mv-kollmitzberg.at\/neu\/wp-content\/uploads\/2024\/01\/bfp-1536x513.jpg 1536w, https:\/\/www.mv-kollmitzberg.at\/neu\/wp-content\/uploads\/2024\/01\/bfp.jpg 1808w\" sizes=\"(max-width: 384px) 100vw, 384px\" \/><\/figure>\n\n\n\n<figure class=\"wp-block-image is-resized sponsor-medium\"><img loading=\"lazy\" decoding=\"async\" src=\"https:\/\/www.mv-kollmitzberg.at\/neu\/wp-content\/uploads\/2024\/01\/BioAktiv-1024x372.jpg\" alt=\"\" class=\"wp-image-2222\" width=\"391\" height=\"141\" srcset=\"https:\/\/www.mv-kollmitzberg.at\/neu\/wp-content\/uploads\/2024\/01\/BioAktiv-1024x372.jpg 1024w, https:\/\/www.mv-kollmitzberg.at\/neu\/wp-content\/uploads\/2024\/01\/BioAktiv-300x109.jpg 300w, https:\/\/www.mv-kollmitzberg.at\/neu\/wp-content\/uploads\/2024\/01\/BioAktiv-768x279.jpg 768w, https:\/\/www.mv-kollmitzberg.at\/neu\/wp-content\/uploads\/2024\/01\/BioAktiv-1536x558.jpg 1536w, https:\/\/www.mv-kollmitzberg.at\/neu\/wp-content\/uploads\/2024\/01\/BioAktiv.jpg 2048w\" sizes=\"(max-width: 391px) 100vw, 391px\" \/><\/figure>\n\n\n\n<figure class=\"wp-block-image is-resized sponsor-medium\"><img loading=\"lazy\" decoding=\"async\" src=\"https:\/\/www.mv-kollmitzberg.at\/neu\/wp-content\/uploads\/2024\/01\/Florianer-Anw\u201elte.JPG-1024x740.jpg\" alt=\"\" class=\"wp-image-2223\" width=\"387\" height=\"280\" srcset=\"https:\/\/www.mv-kollmitzberg.at\/neu\/wp-content\/uploads\/2024\/01\/Florianer-Anw\u201elte.JPG-1024x740.jpg 1024w, https:\/\/www.mv-kollmitzberg.at\/neu\/wp-content\/uploads\/2024\/01\/Florianer-Anw\u201elte.JPG-300x217.jpg 300w, https:\/\/www.mv-kollmitzberg.at\/neu\/wp-content\/uploads\/2024\/01\/Florianer-Anw\u201elte.JPG-768x555.jpg 768w, https:\/\/www.mv-kollmitzberg.at\/neu\/wp-content\/uploads\/2024\/01\/Florianer-Anw\u201elte.JPG.jpg 1119w\" sizes=\"(max-width: 387px) 100vw, 387px\" \/><\/figure>\n\n\n<div class=\"extra-text-big\">\u00d6VP-Gemeinder\u00e4te Kollmitzberg<\/div>\n\n\n<figure class=\"wp-block-image is-resized sponsor-medium\"><img loading=\"lazy\" decoding=\"async\" src=\"https:\/\/www.mv-kollmitzberg.at\/neu\/wp-content\/uploads\/2024\/01\/Logo-JVP-AKtuell-mit-Schrift.jpg\" alt=\"\" class=\"wp-image-2225\" width=\"392\" height=\"132\" srcset=\"https:\/\/www.mv-kollmitzberg.at\/neu\/wp-content\/uploads\/2024\/01\/Logo-JVP-AKtuell-mit-Schrift.jpg 689w, https:\/\/www.mv-kollmitzberg.at\/neu\/wp-content\/uploads\/2024\/01\/Logo-JVP-AKtuell-mit-Schrift-300x101.jpg 300w\" sizes=\"(max-width: 392px) 100vw, 392px\" \/><\/figure>\n\n\n\n<figure class=\"wp-block-image is-resized sponsor-medium\"><img loading=\"lazy\" decoding=\"async\" src=\"https:\/\/www.mv-kollmitzberg.at\/neu\/wp-content\/uploads\/2024\/01\/Lehner-Beton_1-1024x314.jpg\" alt=\"\" class=\"wp-image-2226\" width=\"386\" height=\"117\" srcset=\"https:\/\/www.mv-kollmitzberg.at\/neu\/wp-content\/uploads\/2024\/01\/Lehner-Beton_1-1024x314.jpg 1024w, https:\/\/www.mv-kollmitzberg.at\/neu\/wp-content\/uploads\/2024\/01\/Lehner-Beton_1-300x92.jpg 300w, https:\/\/www.mv-kollmitzberg.at\/neu\/wp-content\/uploads\/2024\/01\/Lehner-Beton_1-768x235.jpg 768w, https:\/\/www.mv-kollmitzberg.at\/neu\/wp-content\/uploads\/2024\/01\/Lehner-Beton_1.jpg 1156w\" sizes=\"(max-width: 386px) 100vw, 386px\" \/><\/figure>\n\n\n\n<figure class=\"wp-block-image is-resized sponsor-small\"><img loading=\"lazy\" decoding=\"async\" src=\"https:\/\/www.mv-kollmitzberg.at\/neu\/wp-content\/uploads\/2024\/01\/Logo-Fischer-ohne-Gauli-1024x392.jpg\" alt=\"\" class=\"wp-image-2227\" width=\"383\" height=\"146\" srcset=\"https:\/\/www.mv-kollmitzberg.at\/neu\/wp-content\/uploads\/2024\/01\/Logo-Fischer-ohne-Gauli-1024x392.jpg 1024w, https:\/\/www.mv-kollmitzberg.at\/neu\/wp-content\/uploads\/2024\/01\/Logo-Fischer-ohne-Gauli-300x115.jpg 300w, https:\/\/www.mv-kollmitzberg.at\/neu\/wp-content\/uploads\/2024\/01\/Logo-Fischer-ohne-Gauli-768x294.jpg 768w, https:\/\/www.mv-kollmitzberg.at\/neu\/wp-content\/uploads\/2024\/01\/Logo-Fischer-ohne-Gauli.bmp 1149w\" sizes=\"(max-width: 383px) 100vw, 383px\" \/><\/figure>\n\n\n\n<figure class=\"wp-block-image is-resized sponsor-small\"><img loading=\"lazy\" decoding=\"async\" src=\"https:\/\/www.mv-kollmitzberg.at\/neu\/wp-content\/uploads\/2024\/01\/gebetsberger-1024x650.jpg\" alt=\"\" class=\"wp-image-2228\" width=\"383\" height=\"244\" srcset=\"https:\/\/www.mv-kollmitzberg.at\/neu\/wp-content\/uploads\/2024\/01\/gebetsberger-1024x650.jpg 1024w, https:\/\/www.mv-kollmitzberg.at\/neu\/wp-content\/uploads\/2024\/01\/gebetsberger-300x190.jpg 300w, https:\/\/www.mv-kollmitzberg.at\/neu\/wp-content\/uploads\/2024\/01\/gebetsberger-768x487.jpg 768w, https:\/\/www.mv-kollmitzberg.at\/neu\/wp-content\/uploads\/2024\/01\/gebetsberger-1536x975.jpg 1536w, https:\/\/www.mv-kollmitzberg.at\/neu\/wp-content\/uploads\/2024\/01\/gebetsberger-2048x1299.jpg 2048w\" sizes=\"(max-width: 383px) 100vw, 383px\" \/><\/figure>\n\n\n\n<figure class=\"wp-block-image is-resized sponsor-small\"><img loading=\"lazy\" decoding=\"async\" src=\"https:\/\/www.mv-kollmitzberg.at\/neu\/wp-content\/uploads\/2024\/01\/Logo-GH-Alpenblick-1024x529.jpg\" alt=\"\" class=\"wp-image-2229\" width=\"385\" height=\"198\" srcset=\"https:\/\/www.mv-kollmitzberg.at\/neu\/wp-content\/uploads\/2024\/01\/Logo-GH-Alpenblick-1024x529.jpg 1024w, https:\/\/www.mv-kollmitzberg.at\/neu\/wp-content\/uploads\/2024\/01\/Logo-GH-Alpenblick-300x155.jpg 300w, https:\/\/www.mv-kollmitzberg.at\/neu\/wp-content\/uploads\/2024\/01\/Logo-GH-Alpenblick-768x396.jpg 768w, https:\/\/www.mv-kollmitzberg.at\/neu\/wp-content\/uploads\/2024\/01\/Logo-GH-Alpenblick.jpg 1389w\" sizes=\"(max-width: 385px) 100vw, 385px\" \/><\/figure>\n\n\n\n<figure class=\"wp-block-image is-resized sponsor-small\"><img loading=\"lazy\" decoding=\"async\" src=\"https:\/\/www.mv-kollmitzberg.at\/neu\/wp-content\/uploads\/2024\/01\/Windhager-Erntetechnik_1.jpg\" alt=\"\" class=\"wp-image-2230\" width=\"377\" height=\"195\" srcset=\"https:\/\/www.mv-kollmitzberg.at\/neu\/wp-content\/uploads\/2024\/01\/Windhager-Erntetechnik_1.jpg 985w, https:\/\/www.mv-kollmitzberg.at\/neu\/wp-content\/uploads\/2024\/01\/Windhager-Erntetechnik_1-300x155.jpg 300w, https:\/\/www.mv-kollmitzberg.at\/neu\/wp-content\/uploads\/2024\/01\/Windhager-Erntetechnik_1-768x397.jpg 768w\" sizes=\"(max-width: 377px) 100vw, 377px\" \/><\/figure>\n\n\n\n<figure class=\"wp-block-image is-resized sponsor-small\"><img loading=\"lazy\" decoding=\"async\" src=\"https:\/\/www.mv-kollmitzberg.at\/neu\/wp-content\/uploads\/2024\/01\/Elektro-Gbl-1024x445.png\" alt=\"\" class=\"wp-image-2231\" width=\"300\" height=\"130\" srcset=\"https:\/\/www.mv-kollmitzberg.at\/neu\/wp-content\/uploads\/2024\/01\/Elektro-Gbl-1024x445.png 1024w, https:\/\/www.mv-kollmitzberg.at\/neu\/wp-content\/uploads\/2024\/01\/Elektro-Gbl-300x131.png 300w, https:\/\/www.mv-kollmitzberg.at\/neu\/wp-content\/uploads\/2024\/01\/Elektro-Gbl-768x334.png 768w, https:\/\/www.mv-kollmitzberg.at\/neu\/wp-content\/uploads\/2024\/01\/Elektro-Gbl.png 1200w\" sizes=\"(max-width: 300px) 100vw, 300px\" \/><\/figure>\n\n\n\n<figure class=\"wp-block-image sponsor-extra-small\"><img loading=\"lazy\" decoding=\"async\" width=\"101\" height=\"130\" src=\"https:\/\/www.mv-kollmitzberg.at\/neu\/wp-content\/uploads\/2024\/01\/logo-Warutec-ohne-Anschrift.jpg\" alt=\"\" class=\"wp-image-2232\"\/><\/figure>\n\n\n\n<figure class=\"wp-block-image is-resized sponsor-small\"><img loading=\"lazy\" decoding=\"async\" src=\"https:\/\/www.mv-kollmitzberg.at\/neu\/wp-content\/uploads\/2024\/01\/Logo_Dorf-Stadterneuerung.jpg\" alt=\"\" class=\"wp-image-2233\" width=\"297\" height=\"132\" srcset=\"https:\/\/www.mv-kollmitzberg.at\/neu\/wp-content\/uploads\/2024\/01\/Logo_Dorf-Stadterneuerung.jpg 800w, https:\/\/www.mv-kollmitzberg.at\/neu\/wp-content\/uploads\/2024\/01\/Logo_Dorf-Stadterneuerung-300x133.jpg 300w, https:\/\/www.mv-kollmitzberg.at\/neu\/wp-content\/uploads\/2024\/01\/Logo_Dorf-Stadterneuerung-768x341.jpg 768w\" sizes=\"(max-width: 297px) 100vw, 297px\" \/><\/figure>\n\n\n<div class=\"extra-text\">Dorferneuerungsverein Kollmitzberg \u2013 ein MITeinander<\/div>\n\n\n<figure class=\"wp-block-image is-resized sponsor-small\"><img loading=\"lazy\" decoding=\"async\" src=\"https:\/\/www.mv-kollmitzberg.at\/neu\/wp-content\/uploads\/2024\/01\/Reitverein-Kollmitzberg.jpeg\" alt=\"\" class=\"wp-image-2234\" width=\"294\" height=\"201\" srcset=\"https:\/\/www.mv-kollmitzberg.at\/neu\/wp-content\/uploads\/2024\/01\/Reitverein-Kollmitzberg.jpeg 640w, https:\/\/www.mv-kollmitzberg.at\/neu\/wp-content\/uploads\/2024\/01\/Reitverein-Kollmitzberg-300x205.jpeg 300w\" sizes=\"(max-width: 294px) 100vw, 294px\" \/><\/figure>\n\n\n\n<figure class=\"wp-block-image is-resized sponsor-small\"><img loading=\"lazy\" decoding=\"async\" src=\"https:\/\/www.mv-kollmitzberg.at\/neu\/wp-content\/uploads\/2024\/01\/zeltverleih-pils-1024x388.jpg\" alt=\"\" class=\"wp-image-2235\" width=\"296\" height=\"112\" srcset=\"https:\/\/www.mv-kollmitzberg.at\/neu\/wp-content\/uploads\/2024\/01\/zeltverleih-pils-1024x388.jpg 1024w, https:\/\/www.mv-kollmitzberg.at\/neu\/wp-content\/uploads\/2024\/01\/zeltverleih-pils-300x114.jpg 300w, https:\/\/www.mv-kollmitzberg.at\/neu\/wp-content\/uploads\/2024\/01\/zeltverleih-pils-768x291.jpg 768w, https:\/\/www.mv-kollmitzberg.at\/neu\/wp-content\/uploads\/2024\/01\/zeltverleih-pils-1536x582.jpg 1536w, https:\/\/www.mv-kollmitzberg.at\/neu\/wp-content\/uploads\/2024\/01\/zeltverleih-pils.jpg 1616w\" sizes=\"(max-width: 296px) 100vw, 296px\" \/><\/figure>\n","protected":false},"excerpt":{"rendered":"<p>Wir d\u00fcrfen uns herzlichst bei allen KollmitzbergerInnen und bei unseren Sponsoren f\u00fcr die Unterst\u00fctzung beim Haussammeln bedanken &#8211; Ein gro\u00dfes Dankesch\u00f6n f\u00fcr die entgegengebrachte Wertsch\u00e4tzung! Ohne eure Hilfe w\u00e4re eine <a href=\"https:\/\/www.mv-kollmitzberg.at\/neu\/neue-tracht-sponsoren\/\" rel=\"nofollow\"><span class=\"sr-only\">Read more about Neue Tracht &#8211; Sponsoren<\/span>[&hellip;]<\/a><\/p>\n","protected":false},"author":5,"featured_media":0,"parent":0,"menu_order":0,"comment_status":"closed","ping_status":"closed","template":"","meta":{"footnotes":""},"_links":{"self":[{"href":"https:\/\/www.mv-kollmitzberg.at\/neu\/wp-json\/wp\/v2\/pages\/2253"}],"collection":[{"href":"https:\/\/www.mv-kollmitzberg.at\/neu\/wp-json\/wp\/v2\/pages"}],"about":[{"href":"https:\/\/www.mv-kollmitzberg.at\/neu\/wp-json\/wp\/v2\/types\/page"}],"author":[{"embeddable":true,"href":"https:\/\/www.mv-kollmitzberg.at\/neu\/wp-json\/wp\/v2\/users\/5"}],"replies":[{"embeddable":true,"href":"https:\/\/www.mv-kollmitzberg.at\/neu\/wp-json\/wp\/v2\/comments?post=2253"}],"version-history":[{"count":10,"href":"https:\/\/www.mv-kollmitzberg.at\/neu\/wp-json\/wp\/v2\/pages\/2253\/revisions"}],"predecessor-version":[{"id":2268,"href":"https:\/\/www.mv-kollmitzberg.at\/neu\/wp-json\/wp\/v2\/pages\/2253\/revisions\/2268"}],"wp:attachment":[{"href":"https:\/\/www.mv-kollmitzberg.at\/neu\/wp-json\/wp\/v2\/media?parent=2253"}],"curies":[{"name":"wp","href":"https:\/\/api.w.org\/{rel}","templated":true}]}}