{"id":20,"date":"2016-02-09T11:30:25","date_gmt":"2016-02-09T10:30:25","guid":{"rendered":"http:\/\/www.mv-kollmitzberg.at\/neu\/?page_id=20"},"modified":"2024-08-28T10:24:06","modified_gmt":"2024-08-28T08:24:06","slug":"kapelle","status":"publish","type":"page","link":"https:\/\/www.mv-kollmitzberg.at\/neu\/kapelle\/","title":{"rendered":"Verein"},"content":{"rendered":"<p class=\"align-justify\">\u201eA Gaudi is \u2013 darum musizieren wir gern!\u201c \u2013 ist das Motto der Musikkapelle Kollmitzberg aus Nieder\u00f6sterreich im Bezirk Amstetten im Herzen des Mostviertels.<\/p>\n<p class=\"align-justify\"><img loading=\"lazy\" decoding=\"async\" class=\"wp-image-3001 size-medium alignleft\" src=\"https:\/\/www.mv-kollmitzberg.at\/neu\/wp-content\/uploads\/2024\/07\/ABC-Fotodesign-Gruppenfoto-FINAL_komprimiert-300x150.jpg\" alt=\"\" width=\"300\" height=\"150\" srcset=\"https:\/\/www.mv-kollmitzberg.at\/neu\/wp-content\/uploads\/2024\/07\/ABC-Fotodesign-Gruppenfoto-FINAL_komprimiert-300x150.jpg 300w, https:\/\/www.mv-kollmitzberg.at\/neu\/wp-content\/uploads\/2024\/07\/ABC-Fotodesign-Gruppenfoto-FINAL_komprimiert-1024x512.jpg 1024w, https:\/\/www.mv-kollmitzberg.at\/neu\/wp-content\/uploads\/2024\/07\/ABC-Fotodesign-Gruppenfoto-FINAL_komprimiert-768x384.jpg 768w, https:\/\/www.mv-kollmitzberg.at\/neu\/wp-content\/uploads\/2024\/07\/ABC-Fotodesign-Gruppenfoto-FINAL_komprimiert-1536x768.jpg 1536w, https:\/\/www.mv-kollmitzberg.at\/neu\/wp-content\/uploads\/2024\/07\/ABC-Fotodesign-Gruppenfoto-FINAL_komprimiert-2048x1024.jpg 2048w, https:\/\/www.mv-kollmitzberg.at\/neu\/wp-content\/uploads\/2024\/07\/ABC-Fotodesign-Gruppenfoto-FINAL_komprimiert-600x300.jpg 600w, https:\/\/www.mv-kollmitzberg.at\/neu\/wp-content\/uploads\/2024\/07\/ABC-Fotodesign-Gruppenfoto-FINAL_komprimiert-400x200.jpg 400w\" sizes=\"(max-width: 300px) 100vw, 300px\" \/>Die Musikkapelle wurde 1989 gegr\u00fcndet und wird von Kapellmeister Christian Huber geleitet. Sie besteht aus 59 Musikern mit einem Alterdruchschnitt von 28,8 Jahren.<\/p>\n<p class=\"align-justify\">Hinter der Musikkapelle steht auch ein starker Vereinsvorstand. Unter der Leitung von Martin Asanger werden festliche Aktivit\u00e4ten, wie der Tag der Blasmusik und das Kirtagszelt beim j\u00e4hrlichen Kollmitzberger Kirtag, veranstaltet.<\/p>\n<p class=\"align-justify\">Aktiv wird auch die Nachwuchsarbeit und Integration der Jungmusiker betrieben. In diesem Sinne wurde ein Ausbildungsorchester \u201eJunior Combo\u201c von Hubert Fertl und Sonja Amon gegr\u00fcndet. Dadurch k\u00f6nnen die JungmusikerInnen unter der Leitung von Anika Ebner den ersten Kontakt zur Musikkapelle kn\u00fcpfen.<\/p>\n<p class=\"align-justify\">Die gute Gemeinschaft in der Musikkapelle und das aktive Vereinsleben zeugen von einer sinnvollen Freizeitgestaltung.<\/p>\n","protected":false},"excerpt":{"rendered":"<p>\u201eA Gaudi is \u2013 darum musizieren wir gern!\u201c \u2013 ist das Motto der Musikkapelle Kollmitzberg aus Nieder\u00f6sterreich im Bezirk Amstetten im Herzen des Mostviertels. Die Musikkapelle wurde 1989 gegr\u00fcndet und <a href=\"https:\/\/www.mv-kollmitzberg.at\/neu\/kapelle\/\" rel=\"nofollow\"><span class=\"sr-only\">Read more about Verein<\/span>[&hellip;]<\/a><\/p>\n","protected":false},"author":4,"featured_media":0,"parent":0,"menu_order":0,"comment_status":"closed","ping_status":"closed","template":"template-fullwidth.php","meta":{"footnotes":""},"_links":{"self":[{"href":"https:\/\/www.mv-kollmitzberg.at\/neu\/wp-json\/wp\/v2\/pages\/20"}],"collection":[{"href":"https:\/\/www.mv-kollmitzberg.at\/neu\/wp-json\/wp\/v2\/pages"}],"about":[{"href":"https:\/\/www.mv-kollmitzberg.at\/neu\/wp-json\/wp\/v2\/types\/page"}],"author":[{"embeddable":true,"href":"https:\/\/www.mv-kollmitzberg.at\/neu\/wp-json\/wp\/v2\/users\/4"}],"replies":[{"embeddable":true,"href":"https:\/\/www.mv-kollmitzberg.at\/neu\/wp-json\/wp\/v2\/comments?post=20"}],"version-history":[{"count":20,"href":"https:\/\/www.mv-kollmitzberg.at\/neu\/wp-json\/wp\/v2\/pages\/20\/revisions"}],"predecessor-version":[{"id":3005,"href":"https:\/\/www.mv-kollmitzberg.at\/neu\/wp-json\/wp\/v2\/pages\/20\/revisions\/3005"}],"wp:attachment":[{"href":"https:\/\/www.mv-kollmitzberg.at\/neu\/wp-json\/wp\/v2\/media?parent=20"}],"curies":[{"name":"wp","href":"https:\/\/api.w.org\/{rel}","templated":true}]}}

<p class="align-justify">„A Gaudi is – darum musizieren wir gern!“ – ist das Motto der Musikkapelle Kollmitzberg aus Niederösterreich im Bezirk Amstetten im Herzen des Mostviertels.</p>
<p class="align-justify"><img loading="lazy" decoding="async" class="wp-image-3001 size-medium alignleft" src="https://www.mv-kollmitzberg.at/neu/wp-content/uploads/2024/07/ABC-Fotodesign-Gruppenfoto-FINAL_komprimiert-300x150.jpg" alt="" width="300" height="150" srcset="https://www.mv-kollmitzberg.at/neu/wp-content/uploads/2024/07/ABC-Fotodesign-Gruppenfoto-FINAL_komprimiert-300x150.jpg 300w, https://www.mv-kollmitzberg.at/neu/wp-content/uploads/2024/07/ABC-Fotodesign-Gruppenfoto-FINAL_komprimiert-1024x512.jpg 1024w, https://www.mv-kollmitzberg.at/neu/wp-content/uploads/2024/07/ABC-Fotodesign-Gruppenfoto-FINAL_komprimiert-768x384.jpg 768w, https://www.mv-kollmitzberg.at/neu/wp-content/uploads/2024/07/ABC-Fotodesign-Gruppenfoto-FINAL_komprimiert-1536x768.jpg 1536w, https://www.mv-kollmitzberg.at/neu/wp-content/uploads/2024/07/ABC-Fotodesign-Gruppenfoto-FINAL_komprimiert-2048x1024.jpg 2048w, https://www.mv-kollmitzberg.at/neu/wp-content/uploads/2024/07/ABC-Fotodesign-Gruppenfoto-FINAL_komprimiert-600x300.jpg 600w, https://www.mv-kollmitzberg.at/neu/wp-content/uploads/2024/07/ABC-Fotodesign-Gruppenfoto-FINAL_komprimiert-400x200.jpg 400w" sizes="(max-width: 300px) 100vw, 300px" />Die Musikkapelle wurde 1989 gegründet und wird von Kapellmeister Christian Huber geleitet. Sie besteht aus 59 Musikern mit einem Alterdruchschnitt von 28,8 Jahren.</p>
<p class="align-justify">Hinter der Musikkapelle steht auch ein starker Vereinsvorstand. Unter der Leitung von Martin Asanger werden festliche Aktivitäten, wie der Tag der Blasmusik und das Kirtagszelt beim jährlichen Kollmitzberger Kirtag, veranstaltet.</p>
<p class="align-justify">Aktiv wird auch die Nachwuchsarbeit und Integration der Jungmusiker betrieben. In diesem Sinne wurde ein Ausbildungsorchester „Junior Combo“ von Hubert Fertl und Sonja Amon gegründet. Dadurch können die JungmusikerInnen unter der Leitung von Anika Ebner den ersten Kontakt zur Musikkapelle knüpfen.</p>
<p class="align-justify">Die gute Gemeinschaft in der Musikkapelle und das aktive Vereinsleben zeugen von einer sinnvollen Freizeitgestaltung.</p>

<p>„A Gaudi is – darum musizieren wir gern!“ – ist das Motto der Musikkapelle Kollmitzberg aus Niederösterreich im Bezirk Amstetten im Herzen des Mostviertels. Die Musikkapelle wurde 1989 gegründet und <a href="https://www.mv-kollmitzberg.at/neu/kapelle/" rel="nofollow"><span class="sr-only">Read more about Verein</span>[&hellip;]</a></p>
