{"id":1237,"date":"2018-09-04T13:40:44","date_gmt":"2018-09-04T11:40:44","guid":{"rendered":"http:\/\/www.mv-kollmitzberg.at\/neu\/?page_id=1237"},"modified":"2024-11-30T14:03:38","modified_gmt":"2024-11-30T13:03:38","slug":"datenschutzerklaerung","status":"publish","type":"page","link":"https:\/\/www.mv-kollmitzberg.at\/neu\/datenschutzerklaerung\/","title":{"rendered":"Datenschutzerkl\u00e4rung"},"content":{"rendered":"<h4><\/h4>\n<h4><strong>Grundlegendes<\/strong><\/h4>\n<p>Diese Datenschutzerkl\u00e4rung soll die Nutzer dieser Website \u00fcber die Art, den Umfang und den Zweck der Erhebung und Verwendung personenbezogener Daten durch den Websitebetreiber \u201eMusikverein Kollmitzberg\u201c informieren.<\/p>\n<p>Der Websitebetreiber nimmt Ihren Datenschutz sehr ernst und behandelt Ihre personenbezogenen Daten vertraulich und entsprechend der gesetzlichen Vorschriften. Da durch neue Technologien und die st\u00e4ndige Weiterentwicklung dieser Webseite \u00c4nderungen an dieser Datenschutzerkl\u00e4rung vorgenommen werden k\u00f6nnen, empfehlen wir Ihnen sich die Datenschutzerkl\u00e4rung in regelm\u00e4\u00dfigen Abst\u00e4nden wieder durchzulesen.<\/p>\n<p>Definitionen der verwendeten Begriffe (z.B. \u201cpersonenbezogene Daten\u201d oder \u201cVerarbeitung\u201d) finden Sie in Art. 4 DSGVO.<\/p>\n<h4><strong>Zugriffsdaten<\/strong><\/h4>\n<p>Wir, der Websitebetreiber bzw. Seitenprovider, erheben aufgrund unseres berechtigten Interesses (s. Art. 6 Abs. 1 lit. f. DSGVO) Daten \u00fcber Zugriffe auf die Website und speichern diese als \u201eServer-Logfiles\u201c auf dem Server der Website ab. Folgende Daten werden so protokolliert:<\/p>\n<ul>\n<li>Besuchte Website<\/li>\n<li>Uhrzeit zum Zeitpunkt des Zugriffes<\/li>\n<li>Menge der gesendeten Daten in Byte<\/li>\n<li>Quelle\/Verweis, von welchem Sie auf die Seite gelangten<\/li>\n<li>Verwendeter Browser<\/li>\n<li>Verwendetes Betriebssystem<\/li>\n<li>Verwendete IP-Adresse<\/li>\n<\/ul>\n<p>Die Server-Logfiles werden f\u00fcr maximal 7 Tage gespeichert und anschlie\u00dfend gel\u00f6scht. Die Speicherung der Daten erfolgt aus Sicherheitsgr\u00fcnden, um z. B. Missbrauchsf\u00e4lle aufkl\u00e4ren zu k\u00f6nnen. M\u00fcssen Daten aus Beweisgr\u00fcnden aufgehoben werden, sind sie solange von der L\u00f6schung ausgenommen bis der Vorfall endg\u00fcltig gekl\u00e4rt ist.<\/p>\n<h4><strong>Erfassung und<\/strong> <strong>Verarbeitung personenbezogener Daten<\/strong><\/h4>\n<p>Wenn Sie unser Kontaktformular verwenden, verarbeiten und speichern wir Ihren Namen, Ihre E-Mail Adresse und alle Informationen, die sie im Nachrichtenfeld \u00fcbermitteln.<\/p>\n<p>Der Websitebetreiber erhebt, nutzt und gibt Ihre personenbezogenen Daten nur dann weiter, wenn dies im gesetzlichen Rahmen erlaubt ist oder Sie in die Datenerhebung einwilligen.<br \/>\nAls personenbezogene Daten gelten s\u00e4mtliche Informationen, welche dazu dienen, Ihre Person zu bestimmen und welche zu Ihnen zur\u00fcckverfolgt werden k\u00f6nnen \u2013 also beispielsweise Ihr Name, Ihre E-Mail-Adresse und Telefonnummer.<\/p>\n<p>Diese Website k\u00f6nnen Sie auch besuchen, ohne Angaben zu Ihrer Person zu machen. Zur Verbesserung unseres Online-Angebotes speichern wir jedoch (ohne Personenbezug) Ihre Zugriffsdaten auf diese Website. N\u00e4here Informationen dazu finden Sie unter dem Punkt \u201eZugriffsdaten\u201c.<\/p>\n<h4><strong>Umgang mit Kontaktdaten<\/strong><\/h4>\n<p>Nehmen Sie mit uns als Websitebetreiber durch die angebotenen Kontaktm\u00f6glichkeiten Verbindung auf, werden Ihre Angaben gespeichert, damit auf diese zur Bearbeitung und Beantwortung Ihrer Anfrage zur\u00fcckgegriffen werden kann. Ohne Ihre Einwilligung werden diese Daten nicht an Dritte weitergegeben.<\/p>\n<h4><strong>Umgang mit Kommentaren und Beitr\u00e4gen<\/strong><\/h4>\n<p>Hinterlassen Sie auf dieser Website einen Beitrag oder Kommentar, wird Ihre IP-Adresse gespeichert. Dies erfolgt aufgrund unserer berechtigten Interessen im Sinne des Art. 6 Abs. 1 lit. f. DSGVO und dient der Sicherheit von uns als Websitebetreiber: Denn sollte Ihr Kommentar gegen geltendes Recht versto\u00dfen, k\u00f6nnen wir daf\u00fcr belangt werden, weshalb wir ein Interesse an der Identit\u00e4t des Kommentar- bzw. Beitragsautors haben.<\/p>\n<h4><strong>Rechte des Nutzers<\/strong><\/h4>\n<p>Ihnen stehen bez\u00fcglich Ihrer bei uns gespeicherten Daten\u00a0grunds\u00e4tzlich die Rechte auf Auskunft, Berichtigung, L\u00f6schung, Einschr\u00e4nkung, Daten\u00fcbertragbarkeit, Widerruf und Widerspruch zu. Wenn Sie glauben, dass die Verarbeitung Ihrer Daten gegen das Datenschutzrecht verst\u00f6\u00dft oder Ihre datenschutzrechtlichen Anspr\u00fcche sonst in einer Weise verletzt worden sind, k\u00f6nnen Sie sich bei uns <em>(<a href=\"mailto:martin.asanger@outlook.com\">martin.asanger@outlook.com<\/a>)<\/em> oder der Datenschutzbeh\u00f6rde beschweren.<\/p>\n<h4><strong>L\u00f6schung von Daten<\/strong><\/h4>\n<p>Sofern Ihr Wunsch nicht mit einer gesetzlichen Pflicht zur Aufbewahrung von Daten (z. B. Vorratsdatenspeicherung) kollidiert, haben Sie ein Anrecht auf L\u00f6schung Ihrer Daten. Von uns gespeicherte Daten werden, sollten sie f\u00fcr ihre Zweckbestimmung nicht mehr vonn\u00f6ten sein und es keine gesetzlichen Aufbewahrungsfristen geben, gel\u00f6scht. Falls eine L\u00f6schung nicht durchgef\u00fchrt werden kann, da die Daten f\u00fcr zul\u00e4ssige gesetzliche Zwecke erforderlich sind, erfolgt eine Einschr\u00e4nkung der Datenverarbeitung. In diesem Fall werden die Daten gesperrt und nicht f\u00fcr andere Zwecke verarbeitet.<\/p>\n<h4><strong>Widerspruchsrecht<\/strong><\/h4>\n<p>Nutzer dieser Webseite k\u00f6nnen von ihrem Widerspruchsrecht Gebrauch machen und der Verarbeitung ihrer personenbezogenen Daten zu jeder Zeit widersprechen.<\/p>\n<p>Wenn Sie eine Berichtigung, Sperrung, L\u00f6schung oder Auskunft \u00fcber die zu Ihrer Person gespeicherten personenbezogenen Daten w\u00fcnschen oder Fragen bzgl. der Erhebung, Verarbeitung oder Verwendung Ihrer personenbezogenen Daten haben oder erteilte Einwilligungen widerrufen m\u00f6chten, wenden Sie sich bitte an folgende E-Mail-Adresse: <a href=\"mailto:martin.asanger@outlook.com\">martin.asanger@outlook.com<\/a><\/p>\n<h4 id=\"heading_Sie_erreichen_uns_unter_folgenden_Kontaktdaten_\"><strong>Sie erreichen uns unter folgenden Kontaktdaten:<\/strong><\/h4>\n<div class=\"csc-header csc-header-n1\">\n<p class=\"bodytext\"><strong>Musikverein Kollmitzberg<\/strong><br \/>\nKollmitzberg 7<br \/>\n3321 Kollmitzberg<br \/>\nObmann: Ing. Martin Asanger, BA<br \/>\nTel.: 0664\/5463780<br \/>\nE-Mail: <a href=\"mailto:martin.asanger@outlook.com\">martin.asanger@outlook.com<\/a><br \/>\nInternet: <a href=\"http:\/\/www.mv-kollmitzberg.at\">www.mv-kollmitzberg.at<\/a><br \/>\nZVR-Nr.: 439750014<\/p>\n<\/div>\n","protected":false},"excerpt":{"rendered":"<p>Grundlegendes Diese Datenschutzerkl\u00e4rung soll die Nutzer dieser Website \u00fcber die Art, den Umfang und den Zweck der Erhebung und Verwendung personenbezogener Daten durch den Websitebetreiber \u201eMusikverein Kollmitzberg\u201c informieren. Der Websitebetreiber <a href=\"https:\/\/www.mv-kollmitzberg.at\/neu\/datenschutzerklaerung\/\" rel=\"nofollow\"><span class=\"sr-only\">Read more about Datenschutzerkl\u00e4rung<\/span>[&hellip;]<\/a><\/p>\n","protected":false},"author":4,"featured_media":0,"parent":0,"menu_order":0,"comment_status":"closed","ping_status":"closed","template":"","meta":{"footnotes":""},"_links":{"self":[{"href":"https:\/\/www.mv-kollmitzberg.at\/neu\/wp-json\/wp\/v2\/pages\/1237"}],"collection":[{"href":"https:\/\/www.mv-kollmitzberg.at\/neu\/wp-json\/wp\/v2\/pages"}],"about":[{"href":"https:\/\/www.mv-kollmitzberg.at\/neu\/wp-json\/wp\/v2\/types\/page"}],"author":[{"embeddable":true,"href":"https:\/\/www.mv-kollmitzberg.at\/neu\/wp-json\/wp\/v2\/users\/4"}],"replies":[{"embeddable":true,"href":"https:\/\/www.mv-kollmitzberg.at\/neu\/wp-json\/wp\/v2\/comments?post=1237"}],"version-history":[{"count":6,"href":"https:\/\/www.mv-kollmitzberg.at\/neu\/wp-json\/wp\/v2\/pages\/1237\/revisions"}],"predecessor-version":[{"id":3262,"href":"https:\/\/www.mv-kollmitzberg.at\/neu\/wp-json\/wp\/v2\/pages\/1237\/revisions\/3262"}],"wp:attachment":[{"href":"https:\/\/www.mv-kollmitzberg.at\/neu\/wp-json\/wp\/v2\/media?parent=1237"}],"curies":[{"name":"wp","href":"https:\/\/api.w.org\/{rel}","templated":true}]}}

Datenschutzerklärung

<h4></h4>
<h4><strong>Grundlegendes</strong></h4>
<p>Diese Datenschutzerklärung soll die Nutzer dieser Website über die Art, den Umfang und den Zweck der Erhebung und Verwendung personenbezogener Daten durch den Websitebetreiber „Musikverein Kollmitzberg“ informieren.</p>
<p>Der Websitebetreiber nimmt Ihren Datenschutz sehr ernst und behandelt Ihre personenbezogenen Daten vertraulich und entsprechend der gesetzlichen Vorschriften. Da durch neue Technologien und die ständige Weiterentwicklung dieser Webseite Änderungen an dieser Datenschutzerklärung vorgenommen werden können, empfehlen wir Ihnen sich die Datenschutzerklärung in regelmäßigen Abständen wieder durchzulesen.</p>
<p>Definitionen der verwendeten Begriffe (z.B. “personenbezogene Daten” oder “Verarbeitung”) finden Sie in Art. 4 DSGVO.</p>
<h4><strong>Zugriffsdaten</strong></h4>
<p>Wir, der Websitebetreiber bzw. Seitenprovider, erheben aufgrund unseres berechtigten Interesses (s. Art. 6 Abs. 1 lit. f. DSGVO) Daten über Zugriffe auf die Website und speichern diese als „Server-Logfiles“ auf dem Server der Website ab. Folgende Daten werden so protokolliert:</p>
<ul>
<li>Besuchte Website</li>
<li>Uhrzeit zum Zeitpunkt des Zugriffes</li>
<li>Menge der gesendeten Daten in Byte</li>
<li>Quelle/Verweis, von welchem Sie auf die Seite gelangten</li>
<li>Verwendeter Browser</li>
<li>Verwendetes Betriebssystem</li>
<li>Verwendete IP-Adresse</li>
</ul>
<p>Die Server-Logfiles werden für maximal 7 Tage gespeichert und anschließend gelöscht. Die Speicherung der Daten erfolgt aus Sicherheitsgründen, um z. B. Missbrauchsfälle aufklären zu können. Müssen Daten aus Beweisgründen aufgehoben werden, sind sie solange von der Löschung ausgenommen bis der Vorfall endgültig geklärt ist.</p>
<h4><strong>Erfassung und</strong> <strong>Verarbeitung personenbezogener Daten</strong></h4>
<p>Wenn Sie unser Kontaktformular verwenden, verarbeiten und speichern wir Ihren Namen, Ihre E-Mail Adresse und alle Informationen, die sie im Nachrichtenfeld übermitteln.</p>
<p>Der Websitebetreiber erhebt, nutzt und gibt Ihre personenbezogenen Daten nur dann weiter, wenn dies im gesetzlichen Rahmen erlaubt ist oder Sie in die Datenerhebung einwilligen.<br />
Als personenbezogene Daten gelten sämtliche Informationen, welche dazu dienen, Ihre Person zu bestimmen und welche zu Ihnen zurückverfolgt werden können – also beispielsweise Ihr Name, Ihre E-Mail-Adresse und Telefonnummer.</p>
<p>Diese Website können Sie auch besuchen, ohne Angaben zu Ihrer Person zu machen. Zur Verbesserung unseres Online-Angebotes speichern wir jedoch (ohne Personenbezug) Ihre Zugriffsdaten auf diese Website. Nähere Informationen dazu finden Sie unter dem Punkt „Zugriffsdaten“.</p>
<h4><strong>Umgang mit Kontaktdaten</strong></h4>
<p>Nehmen Sie mit uns als Websitebetreiber durch die angebotenen Kontaktmöglichkeiten Verbindung auf, werden Ihre Angaben gespeichert, damit auf diese zur Bearbeitung und Beantwortung Ihrer Anfrage zurückgegriffen werden kann. Ohne Ihre Einwilligung werden diese Daten nicht an Dritte weitergegeben.</p>
<h4><strong>Umgang mit Kommentaren und Beiträgen</strong></h4>
<p>Hinterlassen Sie auf dieser Website einen Beitrag oder Kommentar, wird Ihre IP-Adresse gespeichert. Dies erfolgt aufgrund unserer berechtigten Interessen im Sinne des Art. 6 Abs. 1 lit. f. DSGVO und dient der Sicherheit von uns als Websitebetreiber: Denn sollte Ihr Kommentar gegen geltendes Recht verstoßen, können wir dafür belangt werden, weshalb wir ein Interesse an der Identität des Kommentar- bzw. Beitragsautors haben.</p>
<h4><strong>Rechte des Nutzers</strong></h4>
<p>Ihnen stehen bezüglich Ihrer bei uns gespeicherten Daten grundsätzlich die Rechte auf Auskunft, Berichtigung, Löschung, Einschränkung, Datenübertragbarkeit, Widerruf und Widerspruch zu. Wenn Sie glauben, dass die Verarbeitung Ihrer Daten gegen das Datenschutzrecht verstößt oder Ihre datenschutzrechtlichen Ansprüche sonst in einer Weise verletzt worden sind, können Sie sich bei uns <em>(<a href="mailto:martin.asanger@outlook.com">martin.asanger@outlook.com</a>)</em> oder der Datenschutzbehörde beschweren.</p>
<h4><strong>Löschung von Daten</strong></h4>
<p>Sofern Ihr Wunsch nicht mit einer gesetzlichen Pflicht zur Aufbewahrung von Daten (z. B. Vorratsdatenspeicherung) kollidiert, haben Sie ein Anrecht auf Löschung Ihrer Daten. Von uns gespeicherte Daten werden, sollten sie für ihre Zweckbestimmung nicht mehr vonnöten sein und es keine gesetzlichen Aufbewahrungsfristen geben, gelöscht. Falls eine Löschung nicht durchgeführt werden kann, da die Daten für zulässige gesetzliche Zwecke erforderlich sind, erfolgt eine Einschränkung der Datenverarbeitung. In diesem Fall werden die Daten gesperrt und nicht für andere Zwecke verarbeitet.</p>
<h4><strong>Widerspruchsrecht</strong></h4>
<p>Nutzer dieser Webseite können von ihrem Widerspruchsrecht Gebrauch machen und der Verarbeitung ihrer personenbezogenen Daten zu jeder Zeit widersprechen.</p>
<p>Wenn Sie eine Berichtigung, Sperrung, Löschung oder Auskunft über die zu Ihrer Person gespeicherten personenbezogenen Daten wünschen oder Fragen bzgl. der Erhebung, Verarbeitung oder Verwendung Ihrer personenbezogenen Daten haben oder erteilte Einwilligungen widerrufen möchten, wenden Sie sich bitte an folgende E-Mail-Adresse: <a href="mailto:martin.asanger@outlook.com">martin.asanger@outlook.com</a></p>
<h4 id="heading_Sie_erreichen_uns_unter_folgenden_Kontaktdaten_"><strong>Sie erreichen uns unter folgenden Kontaktdaten:</strong></h4>
<div class="csc-header csc-header-n1">
<p class="bodytext"><strong>Musikverein Kollmitzberg</strong><br />
Kollmitzberg 7<br />
3321 Kollmitzberg<br />
Obmann: Ing. Martin Asanger, BA<br />
Tel.: 0664/5463780<br />
E-Mail: <a href="mailto:martin.asanger@outlook.com">martin.asanger@outlook.com</a><br />
Internet: <a href="http://www.mv-kollmitzberg.at">www.mv-kollmitzberg.at</a><br />
ZVR-Nr.: 439750014</p>
</div>

<p>Grundlegendes Diese Datenschutzerklärung soll die Nutzer dieser Website über die Art, den Umfang und den Zweck der Erhebung und Verwendung personenbezogener Daten durch den Websitebetreiber „Musikverein Kollmitzberg“ informieren. Der Websitebetreiber <a href="https://www.mv-kollmitzberg.at/neu/datenschutzerklaerung/" rel="nofollow"><span class="sr-only">Read more about Datenschutzerklärung</span>[&hellip;]</a></p>
